uppose -73*k - 674800 = -242*k + 3487839. Is k composite?
False
Let v(b) be the second derivative of 1330*b**3 - 59*b**2/2 + 143*b. Is v(2) a prime number?
True
Is ((-8)/(-16))/(8/470672) a prime number?
False
Let v(a) = a**2 + a. Let p(x) = -5*x**2 - 5*x - 3. Let u(l) = p(l) + 6*v(l). Let w be (-24)/(-9)*6/(-2). Is u(w) prime?
True
Suppose 2*f + 4*l = 36, 4*f + 3*l - 6*l = 61. Suppose f*z = 15280 - 1440. Is z prime?
False
Let a = 38484 + 20219. Is a prime?
False
Let r(y) = -2*y**3 - 11*y**2 + 92*y - 110. Is r(-21) composite?
True
Suppose 28*t - 295512 = 21*t. Is 4/12*(-3 + t) prime?
True
Is (-15 - (-22 + 9))*610619/2*-1 composite?
False
Suppose 2*x - 14 = -4*r, -4*r + x + 5 = -2*r. Suppose 3*k = -r, -2*i = -4*k - 10508 - 2394. Is i prime?
True
Suppose -8*l = -2 - 46. Let q be 30/(-45) + (3910/l - 0). Suppose 5 = -x, -q = -w - 3*x + 311. Is w prime?
True
Let f be (-60 - -172)*120/14. Suppose 961*u - 4241 = f*u. Is u prime?
True
Let a = 30 + -28. Suppose 4*g - 3*n + a*n = 841, 3*g - 622 = -n. Is g a composite number?
True
Suppose -25011 = -21*a - 6384. Is a a composite number?
False
Is 33097 + 2 + 9 + -1 a composite number?
False
Let x = 11 + -11. Suppose 5*l = -x*l + 3*i + 265, -3*l + 163 = -i. Is 11774/8 + (-42)/l composite?
False
Suppose -o + 2749 = -2*x, -4*o - 30*x = -35*x - 10984. Is o prime?
True
Let j be 9/(-24) + 148/(-32). Let k(r) = -45*r**3 + 4*r**2 + 4*r + 32. Is k(j) composite?
False
Let b(z) = z**2 + 8*z + 2. Let u be b(-8). Suppose -3*y = a - 20, -u*y + 19 + 11 = 4*a. Suppose 4*l - 2*t + a*t = 23008, 0 = -2*l - 4*t + 11494. Is l composite?
True
Suppose -3*c - c + 444 = 0. Suppose 11*q = 21836 - 22111. Let j = q + c. Is j a composite number?
True
Is (8 - 26) + 50638 + 14/2 a prime number?
True
Let a(z) = 1683*z**2 - 6*z - 112. Let t be a(-7). Suppose t - 374857 = -20*s. Is s composite?
True
Suppose 0 = 173*n - 168*n - 35. Let a = 25 + -17. Suppose 2729 = a*d - n*d. Is d a composite number?
False
Is 8 - (-1 + 5) - (-42 - 6687) a prime number?
True
Suppose 0 = -58*s + 9*s + 90503. Is s prime?
True
Suppose 2*x - 3*f = 104369, -3*f + 92652 = 3*x - 63879. Suppose 4*r = -5*z + x, 3*r = -0*r - 2*z + 39135. Is r a prime number?
False
Let l(y) = 475*y + 1869. Is l(22) composite?
True
Suppose 0 = f - g - 690, 0 = 2*f - 4*g + 133 - 1509. Suppose -3*n + 5*n - f = -4*q, -4*n = q - 1370. Suppose -25*a = -34*a + n. Is a composite?
True
Suppose -p + 4*y = -87047, p + 263*y - 87019 = 260*y. Is p a prime number?
False
Suppose -5*z + 7 = q - 6, 2*z - 4*q + 8 = 0. Let x be 924/180 - z/15. Is (-4992)/(-10) - 1/x prime?
True
Let f = 3816 + 12533. Is f composite?
False
Let m = -130 - -137. Suppose 25129 = m*h + 1140. Is h prime?
False
Is 553945847/429 + 72/(-1188) a composite number?
False
Suppose 3*s = 5*q - 112218 + 417064, -2*q + 101641 = s. Is s composite?
False
Suppose 4*m = 2*x + 24, -13 - 7 = -4*m + x. Suppose -5*p = -3*b - 37784, -3*p - m*b + 7*b + 22668 = 0. Is p composite?
True
Let n be (-50)/(-30)*9/5. Suppose -2*x + 19878 = n*a, 23*x - 24*x - a = -9939. Is x composite?
True
Let a be 144/30*5260/6. Suppose 4*l + 2520 = 3*f + 3*l, l - a = -5*f. Is f prime?
False
Let r(i) be the second derivative of 5*i**4/12 - 17*i**3/6 - 35*i**2/2 + i. Suppose -13*g - 18*g = 8*g + 390. Is r(g) composite?
True
Let d(p) be the first derivative of 1037*p**2/2 + 53*p + 5. Let l be d(6). Let b = 8980 - l. Is b prime?
False
Let b = -22 + 16. Let t(j) = 77*j**2 - 159439 + 19*j**2 + 2*j + 159402. Is t(b) composite?
False
Suppose 165454 = 3*i + h, 5*i - 4*h - 275746 = -3*h. Suppose 5*a + i = 5*y, 2*y + 3*a - a - 22048 = 0. Is y composite?
False
Let u = -745 - -752. Suppose u*q - 5*d = 12*q - 27375, 27339 = 5*q - 4*d. Is q composite?
False
Suppose g - 41235 = 62912. Is g composite?
False
Let i(v) = 97238*v - 8027. Is i(11) prime?
True
Let y = -70 + 106. Let k be (-1 + y/(-10))/((-9)/45). Suppose -26*b + k*b = -2391. Is b composite?
False
Let h(s) = -12*s - 20. Let a(b) = -b. Let g(o) = -10*a(o) + h(o). Let m be g(-15). Let z = 543 + m. Is z a composite number?
True
Let u(g) = 6*g + 75. Let y be u(-12). Suppose 0 = -3*k - y*b + 1899, -3*k - 2536 = -7*k - 5*b. Is k composite?
True
Let i(o) = -o**3 + 4*o**2 + 11*o + 3. Let b be i(6). Let l(q) = -455*q + 16. Is l(b) a prime number?
True
Is 218316/2 - (-13 - -18) prime?
False
Suppose 52*p - 75*p - 4288240 = -14895173. Is p a prime number?
True
Let x(i) = -51*i**2 + 14 + 99*i**2 - 42*i**2 + 5*i. Let o be x(-7). Is 13/(o/(-12)) + (-20549)/(-7) a composite number?
True
Let j = 57 - 45. Suppose j*g - 4032 = 9*g. Let c = g - 895. Is c prime?
True
Suppose 0 = -2*a + 5*c + 3, 26*a + 36 = 22*a - 4*c. Let z(t) = -173*t + 149. Is z(a) prime?
True
Suppose 0 = 25*q - 37*q + 25644. Suppose -5*t + 2488 + 1069 = -4*c, 3*t - c - q = 0. Is t a prime number?
False
Let l = -19263 - -34420. Is l composite?
True
Is 18/27 + 5 + (-595824)/(-18) prime?
True
Suppose 170*p + 47260 = 180*p. Let i = -1640 + p. Is i a prime number?
False
Let d(w) = -368*w - 83. Let y be d(18). Let k = -2536 - y. Is k prime?
False
Let b = 14 - 14. Let f(a) = -2*a - 11. Let j be f(-6). Suppose 3*c - 4*t - 1163 = 0, b*t - j = -t. Is c a composite number?
False
Is (2/(-4) - 0)/(14 + 105833223/(-7559514)) composite?
False
Let q(u) = -86511*u**3 + 97*u**2 + 97*u - 2. Is q(-1) a composite number?
False
Let k(i) = -i**3 + 10*i**2 + i - 8. Let s be k(10). Suppose s = 8*n + 10. Is n + (719 - (6 + -1)) composite?
True
Let z(j) = 18*j**3 - 3*j**2 + 14*j - 14. Let m be ((-10)/(-4))/((-1)/(-2)). Is z(m) a prime number?
False
Is -4 - 799/(-187) - 8006286/(-33) a prime number?
False
Let x(r) = 1246*r**2 + 6*r - 543. Is x(48) a composite number?
True
Let t be (16 - 15)*(1 + -1). Suppose -2*d - z + t = 2, 0 = -d + z - 4. Is ((-22)/d - 4)*557 composite?
True
Let n be -4*11/44 - (-4)/1. Suppose 52685 = 3*j - 2*g, 6*j - 2*j = -n*g + 70241. Is j prime?
False
Let o(r) = -r**2 + 26*r - 157. Let n be o(13). Suppose -n*p = 10*p - 16148. Is p composite?
True
Let c(p) = 8*p**2 + 8*p + 322. Let l be c(-27). Let n = 8905 - 13066. Let f = n + l. Is f a composite number?
False
Let x(a) = 17865*a**2 - 85*a - 613. Is x(-5) a prime number?
False
Suppose -2*q = -2*z + 364, 0 = -3*z + 4*z + 4*q - 167. Let f = -480 - -392. Let w = f + z. Is w a prime number?
False
Let u be 921/(-9)*(113 - -1). Let q = -4647 - u. Is q composite?
False
Suppose 8*j + 129160 + 176293 = 2154309. Is j composite?
False
Let q = -49035 + 113798. Is q composite?
False
Suppose -5*f - 2*a + 15 = 3*a, 3*f - 4*a - 37 = 0. Suppose -5*h - 23 = -u, -3*h - 3*u - f = -7*u. Is (-713)/h + (-10)/(150/9) prime?
False
Let i(v) = 59*v**3 - 17*v**2 + 5*v + 32. Let w(p) = -p**3 + 7*p**2 - 3*p - 11. Let d be w(6). Is i(d) prime?
True
Let m = -108 - -81. Is m/(-54)*(1677 - -1) a composite number?
False
Let c be 207 + 3 + -1*(2 - 0). Let s(t) = -6 + 3*t + c*t - 9. Is s(14) a composite number?
False
Let d(u) = u**2 + 7*u + 11. Let x be d(-7). Suppose 4 = -3*z - x. Let h(b) = -9*b**3 + 5*b**2 - 3. Is h(z) a composite number?
True
Suppose -2*o + w + 1198280 = 0, -29*w + 25*w = -5*o + 2995691. Is o a composite number?
False
Let d(p) = 3582*p**2 + 65*p + 365. Is d(-8) a prime number?
True
Let l(n) = n**3 + 31*n**2 - 51*n + 71. Let x be 28/(1 - 2) + 4. Is l(x) a prime number?
False
Let a(y) be the third derivative of 9*y**5/10 - y**4/6 + 5*y**3/3 + 23*y**2. Let r be a(5). Suppose 4*f = 3*k - 2*k + r, 4*k - 670 = -2*f. Is f composite?
True
Suppose 21*m - 12910137 + 4268910 = 0. Is m prime?
False
Suppose 5*w = 30, -4*f + 7*f - 4*w - 1336245 = 0. Is f composite?
True
Suppose 37*z + 10*z = -13*z + 82825140. Is z a composite number?
False
Let o(g) = 198*g**3 + 4*g**2 + 34*g - 103. Is o(3) composite?
False
Suppose 59*d = 66*d - 49. Let x(q) = 445*q + 34. Is x(d) a composite number?
True
Let v be (-60)/(-15) + (-35 - 6/3). Is (-127)/3*v/(-8 + 19) prime?
True
Let v be (-1)/(1*(-5)/(-15)). Let i(n) = -367*n + 80. Is i(v) a prime number?
True
Let f(c) = 249*c**2 - 3*c + 145. Is f(-12) a composite number?
False
Let l = -31422 + 75077. Is l a prime number?
False
Let t be (2 + -1)/((-114)/30 + 4). Suppose -2*k - 5*g = -1161, t*k - 4*g + 3*g - 2916 = 0. Is k a prime number?
False
Let f(w) = -2*w**2 + 17*w + 40. Let c be f(11). Let s = -155 - -225. Let o = c + s. Is 